alculate the highest common factor of m and k.
9
Let a = 92598 + -92458. Let j be ((-35 - 0)*3)/(-1). What is the greatest common factor of a and j?
35
Suppose 0 = 3*i + 2*o - 18, 2*o - 25 = -2*i - 15. Let u(d) = 17*d - 1. Let r be u(1). Calculate the greatest common divisor of i and r.
8
Suppose 3*y + 3*g = -2115, -5*g - 692 + 3521 = -4*y. Let q = 901 + y. Let x = 14 - -1. What is the greatest common divisor of q and x?
15
Let y = 3 - 5. Let d = -3752 + 3768. Let r = d + y. Calculate the highest common divisor of r and 154.
14
Let c = -96364 - -96427. Let d = 1173 + -480. What is the highest common divisor of d and c?
63
Let p be 1526/42 + 14 - (-12)/(-9). Calculate the greatest common divisor of 7 and p.
7
Let f be 28 + ((-2324)/415 - 2/5). What is the greatest common divisor of 495 and f?
11
Let n = -33 + 31. Let y(t) = -12*t**3 + 2*t**2 - 3*t - 5. Let w be y(n). Let p = -19 + 89. Calculate the greatest common factor of w and p.
35
Suppose -2*k + 168*k + 7*k - 312092 = 0. What is the highest common factor of 410 and k?
82
Let s be (-27)/(27/(-16)) - -1232. Calculate the greatest common divisor of s and 351.
39
Let k be 1*72 + (4 - 3). Let i be ((-2190)/4)/(177/(-118)). Calculate the greatest common factor of k and i.
73
Let g = 126 + -118. Suppose -425 = -g*k + 15. Calculate the greatest common divisor of k and 11.
11
Suppose -2*a = -7*a + 900. Let h = -44 + 51. Suppose -184 + 44 = -h*x. What is the highest common divisor of x and a?
20
Suppose 0 = 34*l - 10*l - 96. Suppose 15*w - 12*w = -l*r + 69, -3*w + 15 = r. Calculate the greatest common divisor of r and 30.
6
Let h = 6 + 2. Suppose -2078 = -4*d + 5*g, 3197 = 5*d - g + 631. What is the greatest common divisor of d and h?
8
Suppose 204 - 60 = -8*u. Let s be 34/(-6)*(-21 - u). Suppose 3 - s = -x. What is the highest common factor of 56 and x?
14
Let i be (-2 - -1)/((-164)/18 + 9). Let s = i - -225. Calculate the highest common factor of 26 and s.
26
Suppose -81 = v - 6*v - 2*g, -59 = -3*v + 4*g. Suppose -11*c = -8*c. Let z = v + c. What is the highest common factor of 68 and z?
17
Suppose 84*t + 10 = 89*t. Suppose t*u + 56 = 144. Let x = -6 + 17. What is the highest common factor of u and x?
11
Let l = -2972 + 2976. Let c be -3 - (-2 - 1) - -3. Suppose -c*m - t = m - 24, -2*m + 4*t = -12. What is the highest common divisor of m and l?
2
Let x be ((-12254)/(-70) + (-1)/5)/(6/56). Calculate the highest common factor of 2400 and x.
96
Suppose n - 3 + 1 = 0. Let b = 3845 - 3842. Calculate the highest common divisor of b and n.
1
Let s = -42 + 43. Let m(d) = 403*d - 3. Let r be m(s). Suppose -5*p - 2*t + 663 = -5*t, 3*p - 4*t - r = 0. Calculate the highest common factor of 12 and p.
12
Let w = 331 - 338. Let p(k) = -5*k - 27. Let s be p(w). Suppose 0*u + 5*u = -4*b + 101, 71 = 3*b - u. What is the greatest common factor of b and s?
8
Suppose -4*y + 5 + 11 = 0. Let k be (-12)/8 + 1 - (-770)/y. Calculate the greatest common divisor of k and 48.
48
Let n(k) be the third derivative of k**5/30 + k**4 + 265*k**2. Let i be n(-16). Calculate the highest common factor of i and 8.
8
Suppose -9*y - 1392 + 2080 = -4658. Calculate the highest common factor of 216 and y.
54
Let f(z) = -z**3 + 9*z**2 - 14*z + 15. Let l = 17 + -136. Let n = -113 - l. Let o be f(n). What is the highest common factor of 65 and o?
13
Let d(q) = q**3 - 46*q**2 + 205*q - 98. Let t be d(42). Calculate the highest common divisor of t and 208.
208
Let c = -8714 + 8730. Calculate the highest common factor of 844 and c.
4
Let r = 87 - 78. Suppose -3*l - 2*c + 1690 = 0, -4*c + r*c + 1655 = 3*l. Suppose 0 = 6*v - l + 56. What is the highest common divisor of 28 and v?
28
Let n(a) = 0*a + 5*a**2 + 6*a + 10*a**2 - 2. Let b be n(3). Suppose b = 11*h - 157. Calculate the greatest common factor of 252 and h.
28
Suppose -5*r = 0, -4*j - 12*r - 92 = -8*j - 13*r. Calculate the highest common factor of 805 and j.
23
Let s = -17 + 7. Let d = s + 11. Let w(f) = -3*f**3 - 4*f**2 + 2*f + 1. Let a be w(-2). What is the greatest common divisor of a and d?
1
Let c = -8424 + 8464. What is the highest common divisor of c and 194?
2
Suppose 0 = -45*o + 33395 + 43111 + 84684. Calculate the greatest common factor of o and 18.
18
Let g = 0 - 0. Let d be (-7 - (-249)/27) + (-10)/45. Suppose d*n + 230 = 4*u, -5*n + 7*n - 10 = g. Calculate the highest common divisor of 45 and u.
15
Suppose -46*d = -15*d - 167*d + 237728. Calculate the highest common divisor of d and 608.
76
Suppose 22*l - 17*l + 25 = 5*q, -3*q + 4*l + 20 = 0. Suppose q = -642*i + 640*i + 4. Calculate the greatest common divisor of i and 6.
2
Let t(h) = -2*h**2 + 16*h - 19. Let s be t(6). Suppose s*f - 5*b - 243 = 72, -3*b - 127 = -2*f. What is the greatest common divisor of 341 and f?
31
Suppose 2*m + 2 = 0, 3070 = 4*z + 356*m - 354*m. Calculate the highest common factor of 544 and z.
32
Let l(v) be the first derivative of v**3/3 - 3*v**2/2 + 4*v - 15. Let y be l(3). Suppose y*a = 2*a + 30. What is the greatest common divisor of a and 5?
5
Let q = -43721 + 71794. What is the highest common divisor of 67 and q?
67
Let t be 4/(3 - 1) + (-2)/1. Let x = t - -5. Suppose -x*m + 200 = 35. Calculate the highest common factor of m and 33.
33
Let k be 6/10 - (-666)/15. Let d = k + -10. Let n = d - 1. Calculate the greatest common divisor of n and 85.
17
Suppose 5*r - 4*r + 5*w = 82, 4*w = 8. Let i(c) = -c**2 + 11*c + 6. Let m be i(9). Suppose u = -0*u + m. Calculate the greatest common factor of r and u.
24
Suppose -2*a = -5*a. Suppose 2*b - 24 - 24 = a. Let s(i) = -88*i - 176. Let p be s(-5). What is the greatest common factor of b and p?
24
Suppose -2*j + 148 = 3*b, 0 = 6*b - 2*b + 2*j - 200. Let u = 60 - b. Suppose 5*v = u - 3. Calculate the highest common divisor of 7 and v.
1
Let t = 313804 - 313729. Let n = -465 - -740. What is the greatest common divisor of t and n?
25
Let a = 2598 - 806. What is the highest common divisor of a and 288?
32
Let z = -42 - -77. Let s be (-3)/(-21) - (-170)/z. Suppose 5*a - p - 60 = 13, a - 5*p = s. What is the highest common divisor of 60 and a?
15
Suppose 2*u - 2 = -4*i, -u + i = 4*u - 16. Let k be u - 0/((1 - -2) + -2). Let s be 99/2 - k/(-6). Calculate the highest common divisor of 20 and s.
10
Let o(a) = 8*a**2 + 13*a + 64. Let x be o(-5). Let k = -196 + x. Calculate the greatest common factor of k and 9.
3
Suppose k + a - 7 = 0, -2*k + 6*k - a - 53 = 0. Let c = 139 - -121. Let r = c - 200. What is the greatest common divisor of k and r?
12
Let f be ((208/(-260))/(2/(-145)))/((-13)/(-221)). Suppose 3*c - 63 = 39. What is the greatest common divisor of f and c?
34
Let n = -4039 - -4200. What is the greatest common factor of 1909 and n?
23
Let k(l) = 7*l - 12. Let v be k(4). Let x = 16 + v. Let c = x + -31. What is the greatest common divisor of 5 and c?
1
Suppose 104*y + 1068 = 110*y. Suppose -7*x - y = -850. What is the highest common factor of 36 and x?
12
Suppose 79*w - 33304 + 18384 = 21420. What is the highest common divisor of 14 and w?
2
Let t = -1515 - -1519. What is the highest common divisor of 100 and t?
4
Let n be (16/10 + -1)*135/(-108)*-1464. Calculate the greatest common factor of n and 54.
18
Suppose -7*c - 44 = 138. Let a(t) = -35*t - 111. Let x be a(-4). Let u = c + x. What is the greatest common factor of u and 3?
3
Suppose 157*s - 12390 = 136*s. What is the greatest common factor of s and 1003?
59
Let x(y) be the second derivative of y**4/12 - 5*y**3/2 - 25*y**2/2 + y + 4. Let c be x(17). Calculate the greatest common factor of c and 981.
9
Let p be ((-8)/(-24))/(0 + 1/78). Let d(s) = -s**2 + 27*s - 21. Let l be d(p). Calculate the highest common divisor of l and 20.
5
Let g(b) = -418*b**3 + 11*b**2 - 7*b - 5. Let h be g(-2). Calculate the highest common divisor of h and 86.
43
Let x(z) = z - 33. Let v be x(-12). Let w = 142 + -76. Let n = w + v. Calculate the highest common factor of 3 and n.
3
Suppose 1126 = 9*k - 2222. Suppose 2*o + k = 8*o. What is the greatest common divisor of o and 279?
31
Let b(h) = 4*h + 83. Let d be b(-20). Suppose 0 = f - 0*u + d*u - 21, f - 31 = -u. What is the highest common divisor of 84 and f?
12
Suppose -2*b = 5*w - 3*w - 490, 2*b = -w + 489. Suppose 55 = 2*z + 4*u - 37, 0 = 5*z + 3*u - b. What is the highe